
11
Suppose 4 + 0 = s. Suppose m + s*h - 46 = 0, 2*h + 65 + 29 = 4*m. What is the highest common divisor of m and 208?
26
Let d = -11 + 13. Suppose -d*f = f - 9. Let x(a) = a**3 - 5*a**2 + 3*a - 6. Let y be x(5). Calculate the greatest common divisor of f and y.
3
Let h(p) = -2*p. Let y be h(-5). Suppose -29*z = -30*z. Suppose 18*b + 7*b - 2250 = z. Calculate the highest common divisor of y and b.
10
Suppose 0 = u + 2*l - 52, 5*u + 4*l = u + 224. Suppose 2*o = 12 + u. Calculate the highest common divisor of 24 and o.
12
Suppose -5*y + 4*s + s + 1025 = 0, 0 = 3*y + s - 595. Let u = 1 + 24. What is the greatest common divisor of y and u?
25
Suppose -42*r - 13065 = -109*r. Calculate the highest common divisor of 9 and r.
3
Let z = -1148 + 653. Let h = 836 + z. Calculate the greatest common factor of h and 31.
31
Suppose 0 = 4*z - 3*r - 75, -7*r - 70 = -5*z - 8*r. Calculate the highest common divisor of z and 5.
5
Let x be (1 + (-39)/21)/((-2)/28). What is the greatest common factor of 48 and x?
12
Suppose 4*v + 10 = j, -2*j - 5*v - 2 = -2*v. Suppose 3*c + j*a - 258 = 0, 0*a = a + 3. Let r = 6 + 5. Calculate the highest common factor of r and c.
11
Let a = 22 - -40. Suppose 5*v = -2*y - 0*y + 24, 3*y + v = a. Calculate the greatest common factor of 88 and y.
22
Suppose -4*h + 23 + 37 = 0. Suppose 746 - 2006 = -21*t. What is the greatest common factor of t and h?
15
Let p(t) = t**3 - 4*t**2 - 4*t + 1. Let d be p(5). Let r = 10 - d. Suppose r*q - 7*q = -9. Calculate the highest common divisor of q and 15.
3
Let d be (-253)/115*1*-5 - -2. What is the highest common divisor of 4160 and d?
13
Let f be 4/6*(41 - 2). Suppose -28*m - f = -30*m. What is the highest common divisor of m and 39?
13
Let g(f) = -42*f**3 - 9*f**2 + 8*f + 10. Let w be g(-5). Calculate the greatest common divisor of 15 and w.
15
Let n = 237 - 232. Calculate the highest common factor of n and 65.
5
Let k be -5 + (-1 - -4) - 19. Let a be (-90)/(-21) + 6/k. Suppose -5*q - g + 67 = 0, -5*q + 3*q = a*g - 16. What is the greatest common factor of 14 and q?
14
Suppose 0 = 4*q + 5*v - 2*v - 12, -6 = -2*q - 4*v. Suppose -2*k = 5*w - 19, -k = -0*k + q. Let f = 3471 + -3470. Calculate the highest common factor of f and w.
1
Suppose 14*l - 9 = 13*l. Suppose -l = -s + 4*s + 3*t, 0 = 3*t + 15. Let k(n) = 3*n - 2. Let x be k(4). Calculate the highest common divisor of x and s.
2
Let r = 8 - 5. Let o(t) = 4*t + 3. Let u be 4 + -2*(-2 + 1). Let n be o(u). Calculate the highest common divisor of n and r.
3
Let b be ((-270)/(-25))/(-1 + (-14)/(-10)). Let t be (-130)/(-6) + (-18)/b. What is the highest common divisor of t and 231?
21
Let y = -63 + 73. Suppose 0 = -5*j - y*f + 13*f - 10, 4*f = -3*j + 23. What is the greatest common factor of j and 8?
1
Let j be (2 - 8)*(-28)/3. Let s be (j/10)/((-2)/(-5)). Suppose -11*q = -9*q - s. What is the greatest common divisor of 28 and q?
7
Suppose -5*r + 0 = -10. Suppose 0*g + g + r*h = 15, g = h. Let z(w) = -11*w - 32. Let m be z(-3). Calculate the highest common factor of g and m.
1
Suppose -10*l = -50 - 80. What is the highest common divisor of 689 and l?
13
Suppose 416*v = 415*v + 11. What is the greatest common factor of 2354 and v?
11
Let s(x) = -9*x + 633. Let r be s(69). Calculate the greatest common factor of 124 and r.
4
Let i(x) = -x - 7. Suppose 2*n + 22 = -2*g, -5*n - 13 = -5*g + 22. Let f be i(n). Suppose f*t - 5*t + 63 = 0. Calculate the highest common factor of 7 and t.
7
Let j = 1457 - 868. What is the highest common divisor of j and 19?
19
Let s(q) = -12*q + 437. Let p be s(16). Calculate the greatest common divisor of 14 and p.
7
Suppose 3*r - 4*r + 22 = 0. Suppose -5*x = -v - 278, x + 2*v - 49 = -0*x. Calculate the greatest common divisor of x and r.
11
Let x be 6 + -1 + -2 - 2. What is the greatest common divisor of x and 1?
1
Let f(c) = -2*c**2 - 3*c + 3. Suppose -4*h + 8 + 0 = 0. Let z be f(h). Let x = z - -23. What is the highest common divisor of 3 and x?
3
Suppose 3 - 1 = d. Suppose -5*o - 5 + 15 = 0, -3*o = b - 30. Suppose -t + 12 = 4*q, -3*q - q - b = -d*t. What is the highest common factor of 12 and t?
12
Suppose -343 = -5*r - 4*w, 5*r - 3*w = -6*w + 341. Suppose 2*v = 2*a + 38, -5*v + v = 5*a - r. Calculate the highest common factor of v and 72.
18
Suppose 13580 = 4*t + 3*t. What is the greatest common factor of 20 and t?
20
Let l = 1407 - 1385. Calculate the greatest common divisor of 99 and l.
11
Suppose 0 = -5*t - 8 + 18. Let a(m) = m + 3. Let r(y) = y**3 + 12*y**2 + 11*y - 1. Let w be r(-11). Let h be a(w). What is the highest common factor of t and h?
2
Suppose -5 = i + 5*m, -37*i = -41*i - m + 18. Calculate the greatest common divisor of i and 11.
1
Suppose 17*l - 1350 = 2*l. What is the highest common divisor of 54 and l?
18
Let z = 31 - 17. Suppose -2*d + 65 = -u - 4*u, -2*u + 5*d - 47 = 0. Let j = u + z. What is the highest common divisor of j and 24?
3
Let c(f) = 3*f - 152. Let u be c(52). Calculate the greatest common factor of u and 100.
4
Let c = -31 + 103. Suppose 2*f + f = c. Calculate the greatest common divisor of 8 and f.
8
Suppose 0 = 2*t - 4 + 34. Let x = t + 25. Calculate the greatest common factor of 110 and x.
10
Let w(a) be the first derivative of 4*a**2 - 46*a - 59. Let u be w(13). Let r be (-1 + 7)/(2/29). What is the greatest common factor of r and u?
29
Let i(s) = 3*s - 6. Suppose -2*n + 0*c - 4 = -2*c, n = -5*c + 28. Let w be i(n). Let d = w - -17. What is the greatest common divisor of 50 and d?
10
Let d = -58 + 102. Suppose -15 = 3*l, 3*v - d = -4*l + 2*l. Let z = 33 - v. Calculate the highest common factor of z and 165.
15
Let t = -18 - -31. Suppose -9*z - 8 = -t*z. Calculate the greatest common factor of 10 and z.
2
Let r be (-1 + 6/(-12))/(6/(-20)). What is the greatest common divisor of 205 and r?
5
Let q be 0 + (-8)/(-2) + -4. Suppose q = -2*l + n + 21, 30 = 5*l - 2*l - 2*n. What is the greatest common factor of 60 and l?
12
Suppose 196 = 5*p - 244. Suppose 0 = h - 2*j - 31, h + j - p = -3*h. Let w be h/(-46) - 46/(-4). Calculate the greatest common divisor of 11 and w.
11
Suppose p - 2 - 2 = 0. Let w be 808/p - (-6)/(-3). Calculate the greatest common divisor of w and 25.
25
Suppose -3*m + 42 = f + 19, 5*f = 2*m + 115. Calculate the highest common factor of 3151 and f.
23
Let j be 2/(-10) + 33/15. Let z = 4 - j. Calculate the greatest common divisor of z and 8.
2
Let o = 1127 + -1121. What is the highest common divisor of o and 600?
6
Let q(v) = v**2 + 4*v - 30. Let b be q(-8). Suppose -9*y = b*y - 198. What is the greatest common divisor of 54 and y?
18
Let v(p) = -6*p - 6. Let k be v(-14). Let m(g) = -3*g. Let q be m(-2). Calculate the highest common divisor of q and k.
6
Suppose 3929 = -24*c + 14609. Calculate the highest common factor of c and 5.
5
Suppose -7 = -z + t, -51 = 24*t - 7*t. Let k be (-103)/(-2) + 2/4. Suppose k = 4*r + 12. Calculate the greatest common factor of r and z.
2
Let h(g) = -9*g + 40. Let l be h(-10). Calculate the greatest common factor of 10 and l.
10
Suppose -z + 2*z + 919 = 3*j, -3*j + 944 = 4*z. What is the greatest common factor of j and 28?
28
Suppose 0 = j - 4*c + 6, 2*j + 3*c - 4 = 6. Let m = 7 - j. Suppose m*y = -w - 16, 9 = 5*y + 34. Calculate the greatest common factor of 6 and w.
3
Suppose -2*s + 3*z - 84 = 135, 0 = s + 5*z + 103. Let p = -58 - s. Let w be (-176)/(-18) - (-4)/18. What is the highest common divisor of w and p?
10
Let w be (-108)/(-270) - (-2718)/5. Calculate the highest common divisor of 32 and w.
32
Let t = -25 - -43. Suppose -g - t = -7*g. Let o be 2 - g/(-3 - -6). What is the greatest common divisor of o and 2?
1
Suppose -40*o = -11350 + 3750. What is the highest common divisor of 1045 and o?
95
Let h(d) = d + 1. Suppose 7*r = 2*r + 65. Suppose 0 = -s + r - 6. Let m be h(s). What is the greatest common divisor of 16 and m?
8
Suppose a = 5*w + 259, 3 = -3*a - 0*a. Let y be 8/w - 106*2/(-26). Calculate the greatest common factor of 48 and y.
8
Let i(r) = r**3 + 49*r**2 - 52*r - 98. Let t be i(-50). What is the greatest common factor of 5 and t?
1
Suppose -4*f + 49 = -3*f. Let i = f - 13. Calculate the highest common factor of 6 and i.
6
Suppose 14*y - 17*y = -420. What is the greatest common factor of 21 and y?
7
Let a be 11/4 - 3/(